 base 13.
125079
178cd (base 16) to base 10
96461
de1ba6 (base 15) to base 7
155661546
Convert 231606 (base 9) to base 5.
13422002
What is -213102 (base 7) in base 14?
-d739
Convert 272166 (base 8) to base 7.
544663
What is 2037316 (base 12) in base 13?
1339356
What is -13121120003 (base 4) in base 12?
-7960ab
12036748 (base 10) to base 8
55725214
20262554 (base 7) to base 4
12132011030
Convert -224025 (base 6) to base 16.
-4a51
Convert -412c65 (base 14) to base 16.
-218889
-20012222 (base 3) to base 2
-1000110110111
Convert -45122325 (base 6) to base 16.
-14cfed
What is 22332300323 (base 4) in base 7?
33316124
1325249 (base 11) to base 4
20233110002
Convert -20121000121001 (base 3) to base 13.
-958ba0
18273 (base 14) to base 6
1145433
What is -43442454 (base 6) in base 5?
-312442420
What is -1c4b4 (base 14) in base 12?
-359ba
144779 (base 11) to base 15
46dd2
What is -14514611 (base 8) in base 7?
-40120642
What is 313023003 (base 4) in base 8?
671303
What is 344567 (base 8) in base 13?
413c7
Convert -293138 (base 11) to base 2.
-1101111110100101010
What is -664ab (base 13) in base 5?
-21412430
What is 1011022323 (base 4) in base 5?
33031243
Convert 27aad (base 15) to base 4.
133010320
What is -bac87 (base 15) in base 12?
-247524
-4a9941 (base 11) to base 7
-6555141
Convert -600164 (base 11) to base 9.
-1732705
What is -100111011000010010 (base 2) in base 6?
-3242430
5e99 (base 16) to base 10
24217
Convert -7ab45 (base 12) to base 11.
-1022a4
Convert 33323311 (base 4) to base 5.
4042034
1076049 (base 10) to base 5
233413144
What is -240012 (base 8) in base 3?
-11011101110
1000010202122 (base 3) to base 13
1591b2
Convert -110101101110000111100 (base 2) to base 3.
-10022102200220
What is -6546471 (base 9) in base 7?
-41606341
-501716 (base 8) to base 11
-102911
Convert 7b952 (base 15) to base 9.
658825
-19218 (base 16) to base 5
-11243221
What is -754713 (base 8) in base 16?
-3d9cb
What is 1002012211212 (base 3) in base 7?
4613405
13a6b4 (base 15) to base 8
3470527
Convert 318002 (base 9) to base 15.
3b262
Convert 1570224 (base 9) to base 2.
11010101000101011101
Convert -4414052 (base 6) to base 10.
-219920
What is 2471b2 (base 15) in base 6?
101223535
-45014330 (base 6) to base 14
-273cbc
Convert -187674a (base 12) to base 4.
-103211032222
What is -3001222013 (base 4) in base 15?
-10a068
What is 55701 (base 15) in base 14?
70d84
What is -c0cb6 (base 14) in base 8?
-1611220
What is 831802 (base 12) in base 3?
10212102221202
-4505301 (base 8) to base 2
-100101000101011000001
What is -1aa7898 (base 11) in base 16?
-35ffb9
420b72 (base 12) to base 8
3754206
1a566 (base 15) to base 11
59345
21567577 (base 9) to base 15
db292d
Convert -17268475 (base 9) to base 15.
-b62dce
What is 202004334 (base 6) in base 10?
3453538
Convert -161986 (base 15) to base 13.
-2b554c
Convert -9145145 (base 10) to base 4.
-202320230321
-1101101110110000111001 (base 2) to base 6
-205051545
Convert 19f1ef (base 16) to base 15.
238c0a
Convert 2323032 (base 6) to base 12.
59478
-1826a0 (base 11) to base 14
-7491b
Convert 322230121 (base 4) to base 3.
110012210001
-10001100011000010011011 (base 2) to base 4
-101203002123
186b9 (base 13) to base 15
e038
Convert -713012 (base 8) to base 3.
-102221101101
-54534 (base 12) to base 4
-123023320
-2202845 (base 11) to base 4
-32300203213
Convert 31636 (base 9) to base 10.
20931
351613 (base 8) to base 11
81a20
What is -1e8d4 (base 16) in base 15?
-2712a
Convert 1001110011101010110001 (base 2) to base 8.
11635261
Convert -63311475 (base 8) to base 12.
-4618765
b8a6e (base 15) to base 12
243305
-26225203 (base 7) to base 3
-11111120212111
-27833 (base 9) to base 16
-49d7
Convert 876296 (base 11) to base 7.
14615245
What is 5b57a (base 15) in base 12?
12082a
Convert -17b6b (base 15) to base 10.
-76826
Convert 5113215 (base 7) to base 9.
1126743
26052634 (base 7) to base 4
21001220212
What is -40421 (base 11) in base 5?
-3342241
Convert 101011111010011010010 (base 2) to base 15.
1d653a
What is 4341300 (base 5) in base 3?
10210022001
Convert -124021144 (base 5) to base 2.
-10010101000111101111
Convert -122552313 (base 6) to base 5.
-1102104314
What is 2120422124 (base 5) in base 11?
2581279
Convert 730a2 (base 13) to base 15.
4136a
Convert -89953 (base 16) to base 4.
-2021211103
5ba39 (base 13) to base 12
81772
Convert -2120201010 (base 3) to base 14.
-1473b
What is -152216 (base 10) in base 8?
-451230
What is 527c00 (base 14) in base 6?
135425052
10000110000 (base 2) to base 5
13242
1100121122222 (base 3) to base 9
1317588
134463 (base 9) to base 14
21c73
Convert 111100011000011000 (base 2) to base 3.
110120021000
Convert -1311466 (base 11) to base 13.
-616a3c
-30503541 (base 6) to base 3
-1122200111121
What is 288925 (base 11) in base 15?
8d964
-25833 (base 12) to base 9
-77333
What is 111010011011001011 (base 2) in base 4?
322123023
What is 41233352 (base 7) in base 4?
31023032123
3155212 (base 7) to base 13
105793
What is -26365607 (base 8) in base 3?
-102002101200020
What is 11001101111100110 (base 2) in base 15?
2139b
-64583 (base 12) to base 16
-20433
-33011104 (base 5) to base 2
-1000100110110101101
-361643 (base 9) to base 3
-102001201110
What is 333611 (base 10) in base 3?
121221121222
What is -3114402 (base 7) in base 3?
-200222122200
-15911c5 (base 13) to base 10
-6942850
-1000142110 (base 5) to base 2
-111011110010001110110
Convert 5746690 (base 12) to base 5.
13243003103
What is -522494 (base 10) in base 13?
-153a8b
Convert 22023101322 (base 4) to base 14.
4d625c
What is -26019a7 (base 12) in base 4?
-130133101033
Convert -3b870 (base 12) to base 14.
-22096
Convert -263215542 (base 7) to base 11.
-9577590
Convert -892e (base 15) to base 8.
-70615
Convert a7587 (base 14) to base 15.
7ec97
-111010100100011001 (base 2) to base 8
-724431
Convert 2455014 (base 6) to base 5.
13210421
-7a2a (base 15) to base 5
-1312130
What is -369332 (base 14) in base 3?
-10111222012012
What is 3994a (base 14) in base 12?
6a066
3b4f0 (base 16) to base 6
5112400
What is 302213233032 (base 4) in base 11?
7543a16
-521020 (base 6) to base 7
-232401
-39647a0 (base 11) to base 8
-32123035
Convert 2289545 (base 10) to base 8.
10567611
Convert -3542314 (base 6) to base 11.
-116752
What is -11000001000101010100 (base 2) in base 11?
-4a0211
14177 (base 16) to base 6
1432555
Convert 1729633 (base 11) to base 16.
2ce00d
What is 4beed (base 16) in base 14?
814bb
What is 100100101010000010 (base 2) in base 4?
210222002
What is -1000112211010 (base 3) in base 10?
-542244
What is 208964 (base 12) in base 7?
4234135
Convert 110122012101010 (base 3) to base 4.
121213212231
What is -1122211102 (base 3) in base 4?
-13332221
Convert -1526329 (base 11) to base 8.
-11762316
What is 168625 (base 11) in base 3?
111020001200
Convert 69654 (base 12) to base 6.
3004144
Convert 215296 (base 15) to base 2.
110000011011010011001
-256471 (base 8) to base 10
-89401
What is 563462 (base 8) in base 10?
190258
Convert 1a266 (base 16) to base 5.
11411420
What is -1647eae (base 15) in base 9?
-33384652
17974482 (base 10) to base 9
36735316
What is 333837 (base 10) in base 9?
557840
Convert -2076359 (base 11) to base 9.
-6778334
What is -10110000011001100000111 (base 2) in base 11?
-3298856
-20234315 (base 6) to base 2
-10001101101011000111
25936 (base 16) to base 5
14411120
-27493 (base 12) to base 15
-11120
Convert -10500512 (base 6) to base 16.
-4de1c
2152566 (base 8) to base 9
1072130
What is 40211200 (base 6) in base 2?
100010101100011110000
What is 7b369 (base 13) in base 5?
24142223
Convert 120db2 (base 16) to base 14.
22b270
Convert -40525010 (base 6) to base 2.
-100011011110000111110
What is -45045324 (base 7) in base 13?
-a644ab
What is -60677 (base 8) in base 7?
-132645
What is -10002212210121 (base 3) in base 4?
-12103011133
What is -a49b8 (base 12) in base 4?
-310222130
What is 1642206 (base 10) in base 15?
2268a6
-10373563 (base 9) to base 7
-60400413
Convert -342119 (base 10) to base 13.
-bc94b
What is -1000000111111110010011100 (base 2) in base 13?
-36b7463
-122312233 (base 4) to base 10
-109999
11215232 (base 6) to base 14
8d832
Convert -22200102002020 (base 3) to base 10.
-4613901
3a174 (base 11) to base 16
e05b
Convert 2683c4 (base 15) to base 5.
433202414
What 